11
What are the prime factors of 26723?
26723
What are the prime factors of 305?
5, 61
What are the prime factors of 654?
2, 3, 109
List the prime factors of 18241.
17, 29, 37
List the prime factors of 2362.
2, 1181
List the prime factors of 18.
2, 3
What are the prime factors of 57?
3, 19
List the prime factors of 803.
11, 73
List the prime factors of 3326.
2, 1663
List the prime factors of 7060.
2, 5, 353
List the prime factors of 86398.
2, 13, 3323
What are the prime factors of 3902?
2, 1951
List the prime factors of 1929.
3, 643
What are the prime factors of 1812?
2, 3, 151
What are the prime factors of 7669?
7669
What are the prime factors of 5161?
13, 397
What are the prime factors of 167363?
7, 23909
List the prime factors of 2166.
2, 3, 19
What are the prime factors of 14586?
2, 3, 11, 13, 17
What are the prime factors of 13667?
79, 173
What are the prime factors of 17063?
113, 151
List the prime factors of 328.
2, 41
List the prime factors of 60174.
2, 3, 3343
What are the prime factors of 116531?
116531
List the prime factors of 43494.
2, 3, 11, 659
List the prime factors of 29739.
3, 23, 431
What are the prime factors of 2106?
2, 3, 13
List the prime factors of 3277.
29, 113
List the prime factors of 2855.
5, 571
What are the prime factors of 361?
19
What are the prime factors of 31906?
2, 7, 43, 53
What are the prime factors of 4594?
2, 2297
What are the prime factors of 1671?
3, 557
List the prime factors of 13135.
5, 37, 71
List the prime factors of 6756.
2, 3, 563
What are the prime factors of 103348?
2, 7, 3691
List the prime factors of 7216.
2, 11, 41
List the prime factors of 7839.
3, 13, 67
What are the prime factors of 55969?
97, 577
List the prime factors of 1384.
2, 173
What are the prime factors of 27835?
5, 19, 293
What are the prime factors of 64033?
64033
List the prime factors of 124.
2, 31
List the prime factors of 726.
2, 3, 11
List the prime factors of 1118.
2, 13, 43
What are the prime factors of 17996?
2, 11, 409
List the prime factors of 84209.
107, 787
List the prime factors of 612.
2, 3, 17
List the prime factors of 19838.
2, 7, 13, 109
List the prime factors of 15234.
2, 3, 2539
What are the prime factors of 3037?
3037
What are the prime factors of 824?
2, 103
List the prime factors of 209.
11, 19
What are the prime factors of 9215?
5, 19, 97
What are the prime factors of 715?
5, 11, 13
What are the prime factors of 20694?
2, 3, 3449
What are the prime factors of 3769?
3769
List the prime factors of 24640.
2, 5, 7, 11
What are the prime factors of 5776?
2, 19
List the prime factors of 29012.
2, 7253
List the prime factors of 10128.
2, 3, 211
What are the prime factors of 62612?
2, 11, 1423
What are the prime factors of 96921?
3, 11, 89
What are the prime factors of 2892?
2, 3, 241
List the prime factors of 2074.
2, 17, 61
What are the prime factors of 1751?
17, 103
What are the prime factors of 28061?
11, 2551
List the prime factors of 74020.
2, 5, 3701
What are the prime factors of 1415?
5, 283
List the prime factors of 9870.
2, 3, 5, 7, 47
List the prime factors of 1493.
1493
List the prime factors of 3868.
2, 967
What are the prime factors of 40552?
2, 37, 137
What are the prime factors of 25759?
25759
List the prime factors of 904.
2, 113
List the prime factors of 1919.
19, 101
List the prime factors of 49793.
17, 29, 101
What are the prime factors of 91783?
17, 5399
What are the prime factors of 28054?
2, 13, 83
List the prime factors of 1303.
1303
What are the prime factors of 35786?
2, 29, 617
List the prime factors of 1225.
5, 7
What are the prime factors of 3139?
43, 73
What are the prime factors of 23422?
2, 7, 239
List the prime factors of 1866.
2, 3, 311
What are the prime factors of 5713?
29, 197
List the prime factors of 81823.
7, 11689
List the prime factors of 1639.
11, 149
What are the prime factors of 2431?
11, 13, 17
List the prime factors of 1079.
13, 83
What are the prime factors of 6819?
3, 2273
What are the prime factors of 1639?
11, 149
What are the prime factors of 3805?
5, 761
What are the prime factors of 16197?
3, 5399
List the prime factors of 534.
2, 3, 89
List the prime factors of 18465.
3, 5, 1231
What are the prime factors of 106887?
3, 11, 41, 79
List the prime factors of 9336.
2, 3, 389
List the prime factors of 530.
2, 5, 53
List the prime factors of 34684.
2, 13, 23, 29
List the prime factors of 1227.
3, 409
What are the prime factors of 3041?
3041
What are the prime factors of 536?
2, 67
List the prime factors of 23116.
2, 5779
What are the prime factors of 333?
3, 37
What are the prime factors of 3736?
2, 467
List the prime factors of 2625.
3, 5, 7
List the prime factors of 114115.
5, 29, 787
List the prime factors of 89791.
13, 6907
What are the prime factors of 12188?
2, 11, 277
What are the prime factors of 2734?
2, 1367
What are the prime factors of 4986?
2, 3, 277
List the prime factors of 1686.
2, 3, 281
List the prime factors of 479.
479
List the prime factors of 5211.
3, 193
What are the prime factors of 3248?
2, 7, 29
What are the prime factors of 6111?
3, 7, 97
List the prime factors of 234.
2, 3, 13
List the prime factors of 2088.
2, 3, 29
List the prime factors of 882.
2, 3, 7
What are the prime factors of 149762?
2, 103, 727
List the prime factors of 66373.
66373
List the prime factors of 2388.
2, 3, 199
List the prime factors of 7645.
5, 11, 139
List the prime factors of 2368.
2, 37
What are the prime factors of 485?
5, 97
List the prime factors of 15759.
3, 17, 103
List the prime factors of 49963.
17, 2939
What are the prime factors of 16224?
2, 3, 13
What are the prime factors of 598?
2, 13, 23
What are the prime factors of 43176?
2, 3, 7, 257
List the prime factors of 136.
2, 17
List the prime factors of 4274.
2, 2137
List the prime factors of 16287.
3, 61, 89
What are the prime factors of 400?
2, 5
List the prime factors of 140004.
2, 3, 3889
What are the prime factors of 21397?
21397
What are the prime factors of 68865?
3, 5, 4591
What are the prime factors of 8705?
5, 1741
What are the prime factors of 136?
2, 17
List the prime factors of 1569.
3, 523
What are the prime factors of 440?
2, 5, 11
List the prime factors of 61385.
5, 12277
List the prime factors of 29738.
2, 14869
What are the prime factors of 491?
491
What are the prime factors of 15861?
3, 17, 311
What are the prime factors of 930?
2, 3, 5, 31
What are the prime factors of 38100?
2, 3, 5, 127
What are the prime factors of 1219?
23, 53
List the prime factors of 5117.
7, 17, 43
What are the prime factors of 11555?
5, 2311
What are the prime factors of 17357?
17, 1021
What are the prime factors of 24994?
2, 12497
List the prime factors of 1222.
2, 13, 47
What are the prime factors of 37662?
2, 3, 6277
What are the prime factors of 68684?
2, 7, 11, 223
List the prime factors of 2081.
2081
List the prime factors of 24584.
2, 7, 439
List the prime factors of 945.
3, 5, 7
What are the prime factors of 1442?
2, 7, 103
What are the prime factors of 40009?
40009
List the prime factors of 2867.
47, 61
What are the prime factors of 77989?
167, 467
List the prime factors of 9844.
2, 23, 107
List the prime factors of 7803.
3, 17
What are the prime factors of 31136?
2, 7, 139
What are the prime factors of 82896?
2, 3, 11, 157
List the prime factors of 46778.
2, 19, 1231
What are the prime factors of 1891?
31, 61
What are the prime factors of 31269?
3, 7, 1489
List the prime factors of 16019.
83, 193
List the prime factors of 29.
29
List the prime factors of 818.
2, 409
List the prime factors of 49592.
2, 6199
List the prime factors of 37743.
3, 23, 547
List the prime factors of 1644.
2, 3, 137
What are the prime factors of 58285?
5, 11657
What are the prime factors of 2107?
7, 43
List the prime factors of 26365.
5, 5273
List the prime factors of 376.
2, 47
List the prime factors of 5405.
5, 23, 47
List the prime factors of 5143.
37, 139
List the prime factors of 121835.
5, 7, 59
List the prime factors of 1959.
3, 653
What are the prime factors of 17470?
2, 5, 1747
What are the prime factors of 92926?
2, 97, 479
List the prime factors of 13084.
2, 3271
What are the prime factors of 15232?
2, 7, 17
What are the prime factors of 969?
3, 17, 19
What are the prime factors of 15636?
2, 3, 1303
What ar